 15 divide x?
True
Let w be 21/6 + 3/(-2). Suppose -9 + 3 = -w*d. Suppose 5*q = d*a - 1 + 151, 2*q - 3*a = 60. Is q a multiple of 16?
False
Suppose 0 = -m + 5*m. Let x = m + 30. Suppose 4*h - 6*h = -4*z - x, -5 = h + 2*z. Is 5 a factor of h?
True
Let n = 9 - 2. Let o = n + -6. Suppose -3*c - 5*m - o + 107 = 0, -5*c = 2*m - 183. Is 19 a factor of c?
False
Suppose 0 = 9*g - 12*g + 12, 8528 = 5*j - 3*g. Does 14 divide j?
True
Suppose y - 6 = -0*y. Let p(t) = -19*t - 1. Let d be p(y). Is 23 a factor of ((-36)/45)/(2/d)?
True
Suppose -3*x + 5*x + 12 = 0. Let k be x/15 - (-514)/10. Let t = -33 + k. Is 6 a factor of t?
True
Let t be 0 - ((-4)/(-2))/(-1). Is 2 a factor of (t*5)/((-3)/(-18)*6)?
True
Let y(c) = -c**3 - 10*c**2 - 12*c - 10. Let o be y(-9). Suppose 545 = o*g - 12*g. Is g a multiple of 11?
False
Let t(a) = -5*a**3 + a**2 + 11*a + 11. Let p(x) = x**3 - x - 1. Let g(n) = -6*p(n) - t(n). Does 20 divide g(-5)?
True
Suppose -4*i = -4, 0*o + 4*i - 1051 = -3*o. Is o a multiple of 3?
False
Let w = -1 + 3. Suppose v = w*v. Suppose b - 49 + 9 = 4*y, v = -5*b - 4*y + 152. Does 16 divide b?
True
Suppose n - 2 = 0, 2*c = 4*n - 46 + 4. Let v be c - (0 - 1 - 1). Is 26 a factor of (-999)/v - (-3)/(-5)?
False
Is 6 a factor of (-1)/(7/4) + (-11848)/(-56)?
False
Let y = -24 + 258. Is 9 a factor of y?
True
Let t = 4044 + -2086. Does 10 divide t?
False
Suppose -q + 8 = 6. Suppose -46 - 16 = -q*x. Let b = 147 - x. Is 30 a factor of b?
False
Suppose -197*n + 4 = -193*n, q - 953 = 5*n. Is q a multiple of 53?
False
Let k be (-78440)/(-70) - (-8)/(-14). Suppose -10*r + k = -3*r. Is 10 a factor of r?
True
Let y = -1831 - -2431. Is y a multiple of 20?
True
Let g be (1/5 + 21/(-30))*-46. Let u = 14 + g. Does 9 divide u?
False
Let b(r) = 2*r**2 - 8*r - 9. Let d be b(-4). Suppose 0 = -5*s - 4*p + 205, -p - d = -3*s + 68. Let c = -23 + s. Is c a multiple of 14?
False
Suppose 74*x - 67*x = 1680. Does 5 divide x?
True
Suppose 0 = -2*r + 7*r - v - 20, -30 = -2*r - 4*v. Does 24 divide (16/(-40) + (-26)/(-5))*r?
True
Let v be (0 - 4/(-8))*0. Let h be 1/1*(v + 1). Is (h + -3)*20/(-10) a multiple of 4?
True
Let y = -167 - -181. Is y a multiple of 11?
False
Let h(m) = 53*m**2 - 3*m + 4. Is h(2) a multiple of 30?
True
Let l = 0 - 6. Let g(a) = 2*a**2 + 12*a + 8. Is 8 a factor of g(l)?
True
Let l = 753 - 331. Is 84 a factor of l?
False
Suppose -4*m - 2*v = -3942, -2*m - 484 + 2467 = 5*v. Is m a multiple of 24?
True
Let v(d) = -72*d + 44. Is v(-30) a multiple of 76?
True
Is 12 a factor of (2/(-4)*-2)/((-33)/(-31548))?
False
Suppose 2 = -2*c, 0 = 4*i - i + c - 14. Suppose 6*z - 1756 = 2*z - 4*j, 4*j + 2222 = i*z. Suppose a + 1 = 0, 5*b - 73 = -5*a + z. Is 26 a factor of b?
True
Let u(y) = -7*y + y**2 + 0*y + 9 + 4*y**3 + 5*y**2 - 3*y**3. Is u(-7) a multiple of 9?
True
Let w = -1387 + 2025. Is 16 a factor of w?
False
Is 49 a factor of (-3)/1 - (-260 + 12)?
True
Suppose 0 = -w - w + 22. Let p = 13 - w. Let z = p + 28. Is 10 a factor of z?
True
Suppose -4*t - 12 = 0, -3*y + 6579 = -0*y + 3*t. Is y/(-30)*20/(-6) a multiple of 39?
False
Let c = -121 + 750. Is 107 a factor of c?
False
Suppose -5*c = -8*c + 90. Let q = 26 + -6. Let b = c - q. Is 7 a factor of b?
False
Suppose 214 - 1558 = -21*g. Is 8 a factor of g?
True
Is 4/(-4)*-1 + 5 + 190 a multiple of 8?
False
Suppose -4086 - 11862 = -6*q. Does 99 divide q?
False
Let s(c) = 2*c**3 - 2*c**2 - 4*c**3 + 5*c**2 - 4*c**2 - 6 + 3*c. Is 3 a factor of s(-3)?
True
Suppose 6*j - 20 = j. Let t be 2/5 + j/(-10). Is 108 - t*(-3 + 2) a multiple of 27?
True
Suppose 4*j - 25 = -5*o, 3 = 2*j - 2*o - 5. Suppose 0 = j*n - 23 + 3. Suppose 3*t - n*t - 85 = -4*h, 3*h = t + 65. Does 10 divide h?
True
Let n(h) = 123*h + 2. Let a = -1 - -2. Is 15 a factor of n(a)?
False
Suppose k - 5*k + 4*l + 12 = 0, 3*l = 5*k - 9. Let a(i) = 2*i - 11. Let b be a(k). Let g = b - -21. Is g a multiple of 10?
True
Does 100 divide (-34196)/(-18) - (7 - 1040/144)?
True
Let z = -1042 + 3847. Is 26 a factor of z?
False
Suppose -171 = -2*d + 5*p, 317 = 4*d - 0*d - 5*p. Suppose 0 = b + 41 + d. Let g = -36 - b. Is 28 a factor of g?
False
Let u = 14 - 14. Does 13 divide (4 - -13) + -4 - u?
True
Suppose -5*w = -3*y - 293, 3*y + 88 + 22 = 2*w. Suppose w = u - 20. Is 9 a factor of u?
True
Let x be 5/5*-1*(0 - 5). Let v(o) = 13*o - 1. Is v(x) a multiple of 13?
False
Suppose 4*a = 4*b + 2756, -5*b + 3455 = a + 4*a. Is a a multiple of 37?
False
Let r(m) be the second derivative of m**4/12 - 3*m**3/2 - 3*m**2 + 17*m. Is 3 a factor of r(12)?
True
Let b = 1209 + 641. Is b a multiple of 37?
True
Let l(v) = v**3 - 11*v**2 - 9*v - 11. Let t be l(12). Is 14 a factor of (3 + (-145)/t)*-10?
True
Is 312 - (-5 + -2 - -7) a multiple of 39?
True
Suppose -3*v - 4*t + 1240 = 0, -3*t - 512 - 343 = -2*v. Is v a multiple of 28?
True
Let m = 14 + 41. Let t = m + -29. Is 13 a factor of t?
True
Suppose -2*b + 2*q = 0, -5*q = -3*b + b - 6. Suppose t = b*o - 170, 425 = 5*o + t + 2*t. Is 17 a factor of o?
True
Does 60 divide 1 + (-4895)/(-9) + (-6)/(-54)?
False
Let v be (-9)/(1/(2/(-3))). Let k(i) = -i**3 - 25*i**2 + 27*i + 94. Let a be k(-26). Suppose 76 = v*b - a. Is 24 a factor of b?
True
Let q be 13/65 - (-38)/10. Suppose -q*c + 140 = -36. Is c a multiple of 22?
True
Suppose 16769 = 32*l - 44287. Does 11 divide l?
False
Is (72/14)/(80/30240) a multiple of 81?
True
Let i(y) = y**3 - 7*y**2 - y - 2. Let l be i(7). Let f(h) = h**3 - 3*h**2 - 3*h + 16. Let p be f(0). Does 3 divide p/(-72) + (-110)/l?
True
Let n(y) = -y**2 + 8*y - 10. Let d be n(4). Let g = d - -4. Is 5 a factor of g?
True
Let k(f) = -f**3 + 9*f**2 + 10*f - 1. Let w be k(10). Let y(x) = -15*x. Is y(w) a multiple of 5?
True
Suppose 8*r + w = 5*r + 1737, 574 = r + 2*w. Does 20 divide r?
True
Let c(b) = -45*b**3 + 8*b**2 + 6*b + 1. Is c(-2) a multiple of 12?
False
Suppose 63*g = 88*g - 14450. Is g a multiple of 4?
False
Let y(u) = 2*u**2 - 9*u - 9. Let w(n) = -n**2 - 6*n - 5. Let g be w(-5). Suppose g*o = 4*o - 36. Is 14 a factor of y(o)?
False
Suppose -4*l - 3*r - 2 = 0, -11 = 4*r - 3. Let o = 69 + l. Suppose -m = 4*m - o. Does 14 divide m?
True
Let u(a) = 59*a**3 + a. Let n be ((2 - 2) + -1)*-3. Suppose n = -16*q + 19*q. Is u(q) a multiple of 20?
True
Suppose z - 17 + 4 = 0. Let n be 14 + -2 + 0 + 1. Let f = z + n. Does 13 divide f?
True
Suppose 0 = 33*m - 29*m - 2160. Does 30 divide m?
True
Suppose -304 - 32 = -2*y. Suppose -4*x - 3*n - 393 = 0, 4*x + 237 + 186 = 3*n. Let v = x + y. Is 18 a factor of v?
False
Let f be 1/(-2) + (-15)/(-6). Suppose 5*v = 10, -f*z - 6*v + 80 = -3*v. Is 13 a factor of z?
False
Let q(u) = u**3 + 6*u**2 + 3*u - 5. Suppose -5*m - 23 = 2. Let c be q(m). Suppose 2*a = t - 3*a - 72, -240 = -5*t - c*a. Is t a multiple of 26?
True
Suppose -3*x + 91 + 104 = 0. Suppose 26 = -3*o + x. Suppose a - o = 34. Is 15 a factor of a?
False
Let k = 683 - 543. Is 10 a factor of k?
True
Let c(k) = k**3 - 30*k**2 + 47*k + 75. Is 19 a factor of c(29)?
False
Let j be 3/4 + (61/4)/1. Suppose 5*k = -2*q + j, k - 3 = -2*q + 29. Is 6 a factor of q?
True
Suppose -106 + 94 = 2*v. Does 23 divide v/30 + (-19)/5 - -96?
True
Let v = -29 + 31. Suppose v*j - 27 = j. Is j a multiple of 27?
True
Let t = -486 - -534. Is 2 a factor of t?
True
Let c = 8 + -6. Suppose 7*m - c*m = 565. Suppose -b - f = -65, -142 - m = -4*b + f. Is 32 a factor of b?
True
Let m(a) = -a**3 + 2*a**2 + 13*a - 2. Let u = 68 - 64. Is m(u) a multiple of 14?
False
Suppose -5*a + 3*k - 787 = -10*a, 2*a = 4*k + 294. Does 16 divide a?
False
Suppose -j - 102 = 2*z, 0 = -3*j + 4*j. Let m be (z/6)/(1/(-10)). Suppose -4*b + n + 175 = 6, -2*b + n = -m. Is 21 a factor of b?
True
Let h(f) = -3*f - 6. Let i be h(-9). Is 4 a factor of (-2 + i)/(0 + 1)?
False
Let n(h) = 2*h**2 + 17*h**3 + 3*h + 3*h**2 - 6*h**2 - 2 + 0*h**2. Is n(1) a multiple of 12?
False
Is -1076*(88/(-16))/11 + -3 a multiple of 3?
False
Let s(o) = -1 - o + 2 + 0*o. Let d be s(-3). Suppose 7*h - 49 = 4*h - x, d*h - 47 = -5*x. Does 18 divide h?
True
Is 4 a factor of 6/(-8) - 5740/(-16)?
False
Let f = 10 - 8. Suppose -5*b + 2*x = -10, 13 = f*b + x - 0. Does 10 divide (-2)/b*88/(-4)?
False
Let b be (6/9)/(2/3). Does 16 divide (-12)/16 - ((-255)/4 - b)?
True
Suppose 0 = i - 3*i - 2. Let y = i + 3. Suppose -y*d + p - 5*p = -18, -p = 3